{"id":305,"date":"2023-06-10T22:17:51","date_gmt":"2023-06-10T20:17:51","guid":{"rendered":"https:\/\/www.glms.eu\/?page_id=305"},"modified":"2023-10-16T22:46:14","modified_gmt":"2023-10-16T20:46:14","slug":"rite-ecossais-ancien-et-accepte","status":"publish","type":"page","link":"https:\/\/www.glms.eu\/index.php\/rite-ecossais-ancien-et-accepte\/","title":{"rendered":"Rite Ecossais Ancien et Accept\u00e9"},"content":{"rendered":"\n<p><\/p>\n\n\n\n<blockquote class=\"wp-block-quote is-layout-flow wp-block-quote-is-layout-flow\">\n<p style=\"font-size:31px\">Histoire du Rite Ecossais Ancien et Accept\u00e9<\/p>\n<\/blockquote>\n\n\n\n<p class=\"has-medium-font-size\"><strong>Wikip\u00e9dia<\/strong><\/p>\n\n\n\n<div class=\"wp-block-media-text is-stacked-on-mobile\"><figure class=\"wp-block-media-text__media\"><img loading=\"lazy\" decoding=\"async\" width=\"1024\" height=\"934\" src=\"https:\/\/www.glms.eu\/wp-content\/uploads\/2023\/09\/1920px-Tablier_Maconnique_de_Maitre_du_R.E.A.A-1024x934.jpg\" alt=\"\" class=\"wp-image-349 size-full\" srcset=\"https:\/\/www.glms.eu\/wp-content\/uploads\/2023\/09\/1920px-Tablier_Maconnique_de_Maitre_du_R.E.A.A-1024x934.jpg 1024w, https:\/\/www.glms.eu\/wp-content\/uploads\/2023\/09\/1920px-Tablier_Maconnique_de_Maitre_du_R.E.A.A-300x274.jpg 300w, https:\/\/www.glms.eu\/wp-content\/uploads\/2023\/09\/1920px-Tablier_Maconnique_de_Maitre_du_R.E.A.A-768x700.jpg 768w, https:\/\/www.glms.eu\/wp-content\/uploads\/2023\/09\/1920px-Tablier_Maconnique_de_Maitre_du_R.E.A.A-1536x1401.jpg 1536w, https:\/\/www.glms.eu\/wp-content\/uploads\/2023\/09\/1920px-Tablier_Maconnique_de_Maitre_du_R.E.A.A.jpg 1920w\" sizes=\"auto, (max-width: 767px) 89vw, (max-width: 1000px) 54vw, (max-width: 1071px) 543px, 580px\" \/><\/figure><div class=\"wp-block-media-text__content\">\n<p style=\"font-size:16px\">Le Rite \u00e9cossais ancien et accept\u00e9 (REAA) est un rite ma\u00e7onnique fond\u00e9 en 1801 \u00e0 Charleston aux Etats-Unis sous l&rsquo;impulsion des fr\u00e8res John Mitchell et Fr\u00e9d\u00e9ric Dalcho, sur la base des Grandes constations de 1786. Initialement compos\u00e9 que des hauts grades ma\u00e7onniques, il comporte aujourd&rsquo;hui 33 degr\u00e9s et est le plus souvent pratiqu\u00e9 dans le cadre deux organismes compl\u00e9mentaires et distincts : une ob\u00e9dience ma\u00e7onnique qui f\u00e9d\u00e8re des loges des trois premiers grades et une \u00ab\u00a0juridiction\u00a0\u00bb des hauts grades ma\u00e7onniques dirig\u00e9e par un \u00ab\u00a0Supr\u00eame Conseil\u00a0\u00bb qui regroupe des ateliers du 4i\u00e8me au 33i\u00e8me degr\u00e9.<\/p>\n<\/div><\/div>\n\n\n\n<p><\/p>\n\n\n\n<p><\/p>\n","protected":false},"excerpt":{"rendered":"<p>Histoire du Rite Ecossais Ancien et Accept\u00e9 Wikip\u00e9dia Le Rite \u00e9cossais ancien et accept\u00e9 (REAA) est un rite ma\u00e7onnique fond\u00e9 en 1801 \u00e0 Charleston aux Etats-Unis sous l&rsquo;impulsion des fr\u00e8res John Mitchell et Fr\u00e9d\u00e9ric Dalcho, sur la base des Grandes constations de 1786. Initialement compos\u00e9 que des hauts grades ma\u00e7onniques, il comporte aujourd&rsquo;hui 33 degr\u00e9s &hellip; <\/p>\n<p class=\"link-more\"><a href=\"https:\/\/www.glms.eu\/index.php\/rite-ecossais-ancien-et-accepte\/\" class=\"more-link\">Continuer la lecture<span class=\"screen-reader-text\"> de &laquo;&nbsp;Rite Ecossais Ancien et Accept\u00e9&nbsp;&raquo;<\/span><\/a><\/p>\n","protected":false},"author":1,"featured_media":0,"parent":0,"menu_order":0,"comment_status":"closed","ping_status":"closed","template":"","meta":{"footnotes":""},"class_list":["post-305","page","type-page","status-publish","hentry"],"_links":{"self":[{"href":"https:\/\/www.glms.eu\/index.php\/wp-json\/wp\/v2\/pages\/305","targetHints":{"allow":["GET"]}}],"collection":[{"href":"https:\/\/www.glms.eu\/index.php\/wp-json\/wp\/v2\/pages"}],"about":[{"href":"https:\/\/www.glms.eu\/index.php\/wp-json\/wp\/v2\/types\/page"}],"author":[{"embeddable":true,"href":"https:\/\/www.glms.eu\/index.php\/wp-json\/wp\/v2\/users\/1"}],"replies":[{"embeddable":true,"href":"https:\/\/www.glms.eu\/index.php\/wp-json\/wp\/v2\/comments?post=305"}],"version-history":[{"count":10,"href":"https:\/\/www.glms.eu\/index.php\/wp-json\/wp\/v2\/pages\/305\/revisions"}],"predecessor-version":[{"id":390,"href":"https:\/\/www.glms.eu\/index.php\/wp-json\/wp\/v2\/pages\/305\/revisions\/390"}],"wp:attachment":[{"href":"https:\/\/www.glms.eu\/index.php\/wp-json\/wp\/v2\/media?parent=305"}],"curies":[{"name":"wp","href":"https:\/\/api.w.org\/{rel}","templated":true}]}}